{"id":121,"date":"2025-03-27T17:25:51","date_gmt":"2025-03-27T16:25:51","guid":{"rendered":"https:\/\/portaleclienti.sviluppo.host\/?page_id=121"},"modified":"2025-03-27T17:25:51","modified_gmt":"2025-03-27T16:25:51","slug":"cookie-policy","status":"publish","type":"page","link":"https:\/\/www.venditanoleggiogeneratori.it\/aftersales\/cookie-policy\/","title":{"rendered":"Cookie Policy"},"content":{"rendered":"<div class=\"entry-content\">\n<p>Con la presente informativa estesa, ENG Service di Daniele Ciampichetti intende informare Te e tutti gli utenti e\/o visitatori del sito www.venditanoleggiogeneratori.it (rispettivamente gli \u201c<strong>Utenti<\/strong>\u201d e il \u201c<strong>Sito<\/strong>\u201d), in merito all\u2019utilizzo dei log <em>files<\/em> e dei <em>cookies<\/em> raccolti tramite il Sito medesimo.<\/p>\n<p><strong>1) Informazioni raccolte automaticamente dal Sito.<\/strong><\/p>\n<p>Come tutti i siti web anche il nostro Sito fa uso di <em>log files<\/em>, nei quali vengono conservate informazioni raccolte in maniera automatizzata durante le Tue visite. I sistemi informatici e le procedure software preposte al funzionamento del Sito, infatti, acquisiscono automaticamente durante l\u2019utilizzo alcune informazioni, la cui trasmissione \u00e8 implicita nell\u2019uso dei protocolli di comunicazione di Internet.<\/p>\n<p>Le informazioni raccolte sono le seguenti:<\/p>\n<ul>\n<li>indirizzo Internet Protocol (IP) o il nome a dominio del dispositivo da Te utilizzato;<\/li>\n<li>tipo di browser e parametri del dispositivo usato per connettersi al Sito;<\/li>\n<li>gli indirizzi in notazione URI (Uniform Resource Identifier) delle risorse richieste o il metodo utilizzato nel sottoporre la richiesta al server;<\/li>\n<li>data e orario di visita;<\/li>\n<li>eventualmente il numero di click;<\/li>\n<li>il codice numerico indicante lo stato della risposta data dal server (buon fine, errore, ecc.);<\/li>\n<li>altri parametri relativi al sistema operativo e all\u2019ambiente informatico del Tuo dispositivo.<\/li>\n<\/ul>\n<p>Tali informazioni sono trattate in forma automatizzata e raccolte esclusivamente in forma aggregata al fine di verificare il corretto funzionamento del Sito.<\/p>\n<p><strong>2) Cookies<\/strong><\/p>\n<p>Nel Sito vengono utilizzati cookies. I cookies sono files di testo registrati su supporto informatico, che permettono di registrare alcuni parametri e dati comunicati al sistema informatico, attraverso il browser da Te utilizzato. Tali strumenti consentono pertanto un\u2019analisi delle Tue abitudini nell\u2019utilizzo del Sito, per differenti finalit\u00e0: esecuzione di autenticazioni informatiche, monitoraggio di sessioni, memorizzazione di informazioni su specifiche configurazioni riguardanti gli utenti che accedono al server, memorizzazione delle preferenze, ecc.<\/p>\n<p><strong>Cosa sono i cookie?<\/strong><\/p>\n<p>I cookie sono piccoli file di testo inviati dal sito al terminale dell\u2019interessato (solitamente al browser), dove vengono memorizzati per essere poi ritrasmessi al sito alla successiva visita del medesimo utente. Un cookie non pu\u00f2 richiamare nessun altro dato dal disco fisso dell\u2019utente n\u00e9 trasmettere virus informatici o acquisire indirizzi email. Ogni cookie \u00e8 unico per il web browser dell\u2019utente. Alcune delle funzioni dei cookie possono essere demandate ad altre tecnologie. Nel presente documento con il termine \u2018cookie\u2019 si vuol far riferimento sia ai cookie, propriamente detti, sia a tutte le tecnologie similari.<\/p>\n<p><strong>Tipologia dei cookie<\/strong><\/p>\n<p>I cookie possono essere di prima o di terza parte, dove per \u201cprima parte\u201d si intendono i cookie che riportano come dominio il sito, mentre per \u201cterza parte\u201d si intendono i cookie che sono relativi a domini esterni.<\/p>\n<p>I cookie di terza parte sono necessariamente installati da un soggetto esterno, sempre definito come \u201cterza parte\u201d, non gestito dal sito. Tali soggetti possono eventualmente installare anche cookie di prima parte, salvando sul dominio del sito i propri cookie.<\/p>\n<p>Un altro tipo di cookie sono i cosiddetti \u201cFlash Cookie\u201d (Local Shared Objects), utilizzati all\u2019interno di Adobe Flash Player per erogare alcuni contenuti, come video clip o animazioni, in modo da ricordare le impostazioni e preferenze. I Flash cookie sono archiviati sul dispositivo, ma sono gestiti attraverso un\u2019interfaccia differente rispetto a quella fornita dal browser utilizzato.<\/p>\n<p><strong>Natura dei cookie<\/strong><\/p>\n<p>Relativamente alla natura dei cookie, ne esistono di diversi tipi:<\/p>\n<p><strong>Cookie tecnici<\/strong><\/p>\n<p>I cookie tecnici sono quelli utilizzati al solo fine di \u201ceffettuare la trasmissione di una comunicazione su una rete di comunicazione elettronica, o nella misura strettamente necessaria al fornitore di un servizio della societ\u00e0 dell\u2019informazione esplicitamente richiesto dall\u2019abbonato o dall\u2019utente a erogare tale servizio\u201d (cfr. art. 122, comma 1, del Codice).<\/p>\n<p>Essi non vengono utilizzati per scopi ulteriori e sono normalmente installati direttamente dal titolare o gestore del sito web. Possono essere suddivisi in:<\/p>\n<ul>\n<li>cookie di navigazione o di sessione, che garantiscono la normale navigazione e fruizione del sito web (permettendo, ad esempio, di realizzare un acquisto o autenticarsi per accedere ad aree riservate); essi sono di fatto necessari per il corretto funzionamento del sito;<\/li>\n<li>cookie analytics, assimilati ai cookie tecnici laddove utilizzati direttamente dal gestore del sito per raccogliere informazioni, in forma aggregata, sul numero degli utenti e su come questi visitano il sito stesso, al fine di migliorare le performance del sito;<\/li>\n<li>cookie di funzionalit\u00e0, che permettono all\u2019utente la navigazione in funzione di una serie di criteri selezionati (ad esempio, la lingua, i prodotti selezionati per l\u2019acquisto) al fine di migliorare il servizio reso allo stesso. Per l\u2019installazione di tali cookie non \u00e8 richiesto il preventivo consenso degli utenti (pi\u00f9 informazioni nel paragrafo Gestione dei cookie in basso).<\/li>\n<\/ul>\n<p><strong>Cookie di profilazione<\/strong><\/p>\n<p>I cookie di profilazione sono volti a creare profili relativi all\u2019utente e vengono utilizzati al fine di inviare messaggi pubblicitari in linea con le preferenze manifestate dallo stesso nell\u2019ambito della navigazione in rete.<\/p>\n<p>Per l\u2019utilizzo dei cookie di profilazione \u00e8 richiesto il consenso dell\u2019interessato. Secondo il provvedimento (pi\u00f9 informazioni nel paragrafo Gestione dei cookie in basso) l\u2019utente pu\u00f2 autorizzare o negare il consenso all\u2019installazione dei cookie attraverso le opzioni fornite nella sezione \u201cGestione dei cookie\u201d.<\/p>\n<p>In caso di cookie di terze parti, il sito non ha un controllo diretto dei singoli cookie e non pu\u00f2 controllarli (non pu\u00f2 n\u00e9 installarli direttamente n\u00e9 cancellarli). Puoi comunque gestire questi cookie attraverso le impostazioni del browser (segui le istruzioni riportate pi\u00f9 avanti), o i siti indicati nella sezione \u201cGestione dei cookie\u201d.<\/p>\n<p>L\u2019Utente \u00e8 pertanto invitato a verificare sul sito della terza parte indicato nella tabella riportata di seguito.<\/p>\n<p><strong>3) Cookie installati su questo sito.<\/strong><\/p>\n<p>Per l\u2019installazione dei Cookies tecnici non \u00e8 richiesto il Tuo consenso. Per l\u2019installazione dei Cookies di profilazione \u00e8 richiesto il Tuo consenso: nel caso in cui non desideri che il Tuo device riceva e memorizzi i Cookies di profilazione, puoi modificare le impostazioni di sicurezza del Tuo broswer, come descritto <em>infra<\/em>. Infatti, attraverso le impostazioni del browser usato per navigare potrai decidere se cancellare e\/o evitare l\u2019installazione dei cookie sul device utilizzato.<\/p>\n<p>Si precisa, tuttavia, che disattivando l\u2019utilizzo dei Cookies di profilazione non potrai usufruire appieno di alcune funzioni del Sito.<\/p>\n<p>Nel corso della navigazione del Sito, puoi ricevere sul Tuo terminale anche cookies che vengono inviati da siti o da web server diversi (di seguito \u201c<strong>Terze Parti<\/strong>\u201d).<\/p>\n<p><strong>Elenco dei cookie tecnici, di profilazione e di terze parti installati sul sito:<\/strong><\/p>\n<p><strong>GA Audiences<\/strong>, utilizza cookie che consentono di studiare le statistiche del sito in termini di accessi, visualizzazioni, tempi di permanenza ecc.<br \/>\nPer maggiori informazioni consultare la pagina: <a href=\"https:\/\/policies.google.com\/privacy?gl=IT&amp;hl=it\">https:\/\/policies.google.com\/privacy?gl=IT&amp;hl=it<\/a><\/p>\n<p><strong>Google analytics<\/strong> utilizza cookie che consentono di studiare le statistiche del sito in termini di accessi, visualizzazioni, tempi di permanenza ecc.<br \/>\nPer maggiori informazioni consultare la pagina: <a href=\"https:\/\/policies.google.com\/privacy?gl=IT&amp;hl=it\">https:\/\/policies.google.com\/privacy?gl=IT&amp;hl=it<\/a><\/p>\n<p><strong>Google map<\/strong>, utilizza cookie che consentono utilizza cookie che consentono di posizionare sulla mappa la localizzazione dell\u2019impresa.<br \/>\nPer maggiori informazioni consultare la pagina: <a href=\"https:\/\/policies.google.com\/privacy?hl=it\">https:\/\/policies.google.com\/privacy?hl=it<\/a><\/p>\n<p><strong>Google fonts<\/strong>, utilizza cookie che consentono l\u2019embed per poter utilizzare dei font che mette a disposizione google.<br \/>\nPer maggiori informazioni consultare la pagina: <a href=\"https:\/\/policies.google.com\/privacy?hl=it\">https:\/\/policies.google.com\/privacy?hl=it<\/a><\/p>\n<p><strong>Google search console<\/strong> \u00e8 lo strumento per i webmaster, ma utile a conoscere la salute del proprio sito dando indicazioni importanti anche sull\u2019indicizzazione SEO delle pagine web.<br \/>\nPer maggiori informazioni consultare la pagina: <a href=\"https:\/\/policies.google.com\/privacy?hl=it\">https:\/\/policies.google.com\/privacy?hl=it<\/a><\/p>\n<p><strong>Google recaptcha<\/strong> utilizza cookie per offrire all\u2019utente funzionalit\u00e0 di un captcha di google per non far arrivare spam.<br \/>\nPer maggiori informazioni consultare la pagina: <a href=\"https:\/\/policies.google.com\/privacy\">https:\/\/policies.google.com\/privacy<\/a><\/p>\n<p><strong>Google youtube <\/strong>utilizza cookie per offrire all\u2019utente funzionalit\u00e0 embed di video.<br \/>\nPer maggiori informazioni consultare la pagina:<br \/>\n<a href=\"https:\/\/support.google.com\/youtube\/answer\/7671399?p=privacy_guidelines&amp;hl=it&amp;visit_id=0-636627521294193945-3692311511&amp;rd=1\">https:\/\/support.google.com\/youtube\/answer\/7671399?p=privacy_guidelines&amp;hl=it&amp;visit_id=0-636627521294193945-3692311511&amp;rd=1<\/a><\/p>\n<p><strong>Google Tag manager<\/strong>, utilizza cookie che consentono di creare e aggiornare i tag per il sito web e le app per dispositivi mobili.<br \/>\nPer maggiori informazioni consultare la pagina: <a href=\"https:\/\/policies.google.com\/?hl=it\">https:\/\/policies.google.com\/?hl=it<\/a><\/p>\n<p><strong>Facebook<\/strong> utilizza cookie per offrire all\u2019utente funzionalit\u00e0 di condivisione e di \u201clike\u201d sulla propria bacheca.<br \/>\nPer maggiori informazioni, consultare la pagina: <a href=\"https:\/\/www.facebook.com\/about\/privacy\">https:\/\/www.facebook.com\/about\/privacy <\/a><\/p>\n<p><strong>Facebook Custom Audience, <\/strong>utilizza dei cookie per targetizzare utenti su Facebook ed indirizzare utenti verso il prodotto pubblicizzato.<br \/>\nPer maggiori informazioni consultare la pagina: <a href=\"https:\/\/www.facebook.com\/policies\/cookies\/\">https:\/\/www.facebook.com\/policies\/cookies\/<\/a><\/p>\n<p><strong>Facebook Pixel, <\/strong>utilizza dei cookie di monitoraggio delle conversioni di Facebook ed \u00e8 uno strumento che consente di monitorare l\u2019andamento di una campagna pubblicitaria Facebook e verificarne l\u2019efficacia.<br \/>\nPer maggiori informazioni consultare la pagina: <a href=\"https:\/\/www.facebook.com\/policies\/cookies\/\">https:\/\/www.facebook.com\/policies\/cookies\/<\/a><\/p>\n<p><strong>Facebook Connect, <\/strong>utilizza cookie per offrire all\u2019utente funzionalit\u00e0 di registrazione presso il sito mediante le credenziali gi\u00e0 utilizzate per l\u2019accesso a Facebook.<br \/>\nPer maggiori informazioni consultare la pagina: <a href=\"https:\/\/www.facebook.com\/policies\/cookies\/\">https:\/\/www.facebook.com\/policies\/cookies\/<\/a><\/p>\n<p><strong>Twitter<\/strong> utilizza cookie per offrire all\u2019utente funzionalit\u00e0 di condivisione sulla propria bacheca.<br \/>\nPer maggiori informazioni, consultare le pagine:<br \/>\n<a href=\"https:\/\/support.twitter.com\/articles\/20170519-uso-dei-cookie-e-di-%20altre-tecnologie-simili-da-parte-di-twitter\">https:\/\/support.twitter.com\/articles\/20170519-uso-dei-cookie-e-di- altre-tecnologie-simili-da-parte-di-twitter<\/a> e <a href=\"https:\/\/twitter.com\/privacy?lang=it\">https:\/\/twitter.com\/privacy?lang=it<\/a><\/p>\n<p><strong>Google Doubleclick <\/strong>utilizza i cookie per migliorare la pubblicit\u00e0, e usa i cookie per la selezione della pubblicit\u00e0 in base a ci\u00f2 che \u00e8 pertinente per un utente e per impedire che l\u2019utente visualizzi annunci gi\u00e0 mostrati in passato.<br \/>\nMaggiori informazioni, anche in relazione alle modalit\u00e0 con le quali poter disattivare detti cookie, reperibili al seguente link: <a href=\"http:\/\/www.google.com\/policies\/technologies\/ads\/\">http:\/\/www.google.com\/policies\/technologies\/ads\/<\/a><\/p>\n<p>Attraverso l\u2019uso del Sito si considera accettato l\u2019utilizzo dei Cookies e presTi il consenso al trattamento dei dati raccolti dalle Terze Parti.<\/p>\n<p><strong>4) Durata dei cookie<\/strong><\/p>\n<p>I cookie hanno una durata dettata dalla data di scadenza (o da un\u2019azione specifica come la chiusura del browser) impostata al momento dell\u2019installazione.<\/p>\n<p>I cookie possono essere:<\/p>\n<ul>\n<li>temporanei o di sessione (session cookie): sono utilizzati per archiviare informazioni temporanee, consentono di collegare le azioni eseguite durante una sessione specifica e vengono rimossi dal computer alla chiusura del browser;<\/li>\n<li>permanenti (persistent cookie): sono utilizzati per archiviare informazioni, ad esempio il nome e la password di accesso, in modo da evitare che l\u2019utente debba digitarli nuovamente ogni volta che visita un sito specifico. Questi rimangono memorizzati nel computer anche dopo aver chiuso il browser.<\/li>\n<\/ul>\n<p><strong>5) Gestione dei cookie<\/strong><\/p>\n<p>In rispetto alle direttive del <strong>Codice in materia di protezione dei dati personali (d.lg. 30 giugno 2003, n. 196<\/strong>, di seguito \u201cCodice\u201d) e, in particolare,<strong> agli artt. 13, comma 3 e 122, comma 1 <\/strong>e in riferimento al provvedimento di <strong>Individuazione delle modalit\u00e0 semplificate per l\u2019informativa e l\u2019acquisizione del consenso per l\u2019uso dei cookie \u2013 8 maggio 2014 <\/strong>(Pubblicato sulla Gazzetta Ufficiale n. 126 del 3 giugno 2014), puoi modificare in qualsiasi momento il consenso ai cookie.<\/p>\n<p>ENG Service di Daniele Ciampichetti terr\u00e0 opportuna traccia del\/dei consenso\/i dell\u2019Utente attraverso un apposito cookie tecnico, considerato dal Garante Privacy uno strumento \u201cnon particolarmente invasivo\u201d. L\u2019Utente pu\u00f2 negare il suo consenso e\/o modificare in ogni momento le proprie opzioni relative all\u2019uso dei cookie da parte del presente Sito Web, tramite accesso alla presente Informativa Privacy che \u00e8 \u201clinkabile\u201d da ogni pagina del presente Sito.<\/p>\n<p>L\u2019Utente ha la facolt\u00e0 in qualsiasi momento di esercitare i diritti riconosciuti dal Regolamento Privacy ed, in particolare, tra gli altri, di ottenere copia dei dati trattati, il loro aggiornamento, la loro origine, la finalit\u00e0 e la modalit\u00e0 del trattamento, la loro rettifica o integrazione, la loro cancellazione, la trasformazione in forma anonima o il blocco per i trattamenti in violazione di legge e di opporsi per motivi legittimi al trattamento.<\/p>\n<p>Per esercitare tali diritti, scrivere a ENG Service di Daniele Ciampichetti all\u2019attenzione del Responsabile del trattamento dei dati presso la sede della medesima, anche via email all\u2019indirizzo info@engservice.it<\/p>\n<p>Se \u00e8 gi\u00e0 stato dato il consenso ma si vogliono cambiare le autorizzazioni dei cookie, bisogna cancellarli attraverso il browser, come indicato sotto, perch\u00e9 altrimenti quelli gi\u00e0 installati non verranno rimossi. In particolare, si tenga presente che non \u00e8 possibile in alcun modo controllare i cookie di terze parti, quindi se \u00e8 gi\u00e0 stato dato precedentemente il consenso, \u00e8 necessario procedere alla cancellazione dei cookie attraverso il browser (sezione dedicata) oppure chiedendo l\u2019opt-out direttamente alle terze parti o tramite il sito <a href=\"http:\/\/www.youronlinechoices.com\/it\/le-tue-scelte\">http:\/\/www.youronlinechoices.com\/it\/le-tue-scelte<\/a><\/p>\n<p>Se vuoi saperne di pi\u00f9, puoi consultare i seguenti siti:<\/p>\n<ul>\n<li>\n<ul>\n<li><a href=\"http:\/\/www.youronlinechoices.com\/\">http:\/\/www.youronlinechoices.com\/<\/a><\/li>\n<li><a href=\"http:\/\/www.allaboutcookies.org\/\">http:\/\/www.allaboutcookies.org\/<\/a><\/li>\n<li><a href=\"https:\/\/www.cookiechoices.org\/\">https:\/\/www.cookiechoices.org\/<\/a><\/li>\n<li><a href=\"http:\/\/www.garanteprivacy.it\/web\/guest\/home\/docweb\/-\/docweb-display\/docweb\/3118884\">http:\/\/www.garanteprivacy.it\/web\/guest\/home\/docweb\/-\/docweb- display\/docweb\/3118884<br \/>\n<\/a><\/li>\n<\/ul>\n<\/li>\n<\/ul>\n<p><strong>6) Come disabilitare\/cancellare i cookie mediante configurazione del browser<\/strong><\/p>\n<p><strong>Chrome<\/strong><\/p>\n<ol>\n<li>Eseguire il Browser Chrome<\/li>\n<li>Fare click sul men\u00f9 presente nella barra degli strumenti del browser a fianco della finestra di inserimento url per la navigazione<\/li>\n<li>Selezionare<strong>Impostazioni<\/strong><\/li>\n<li>Fare clic su <strong>Mostra Impostazioni Avanzate<\/strong><\/li>\n<li>Nella sezione \u201cPrivacy\u201d fare clic su bottone <strong>\u201cImpostazioni contenuti\u201c<\/strong><\/li>\n<li>Nella sezione \u201cCookie\u201d \u00e8 possibile modificare le seguenti impostazioni relative ai cookie:<\/li>\n<\/ol>\n<ul>\n<li>Consentire il salvataggio dei dati in locale<\/li>\n<li>Modificare i dati locali solo fino alla chiusura del browser<\/li>\n<li>Impedire ai siti di impostare i cookie<\/li>\n<li>Bloccare i cookie di terze parti e i dati dei siti<\/li>\n<li>Gestire le eccezioni per alcuni siti internet<\/li>\n<li>Eliminare uno o tutti i cookie<\/li>\n<\/ul>\n<p>Per maggiori informazioni visita la <a href=\"https:\/\/support.google.com\/accounts\/answer\/61416?hl=en\">pagina dedicata<\/a>.<\/p>\n<p><strong>Mozilla Firefox<\/strong><\/p>\n<ol>\n<li>Eseguire il Browser Mozilla Firefox<\/li>\n<li>Fare click sul men\u00f9 presente nella barra degli strumenti del browser a fianco della finestra di inserimento url per la navigazione<\/li>\n<li>Selezionare <strong>Opzioni<\/strong><\/li>\n<li>Selezionare il <strong>pannello Privacy<\/strong><\/li>\n<li>Fare clic su <strong>Mostra Impostazioni Avanzate<\/strong><\/li>\n<li>Nella sezione \u201cPrivacy\u201d fare clic su bottone <strong>\u201cImpostazioni contenuti\u201c<\/strong><\/li>\n<li>Nella sezione \u201cTracciamento\u201d \u00e8 possibile modificare le seguenti impostazioni relative ai cookie:<br \/>\n\u2022 Richiedi ai siti di non effettuare alcun tracciamento<br \/>\n\u2022 Comunica ai siti la disponibilit\u00e0 ad essere tracciato<br \/>\n\u2022 Non comunicare alcuna preferenza relativa al tracciamento dei dati personali<\/li>\n<li>Dalla sezione \u201cCronologia\u201d \u00e8 possibile:<br \/>\n\u2022 Abilitando \u201cUtilizza impostazioni personalizzate\u201d selezionare di accettare i cookie di terze parti (sempre, dai siti pi\u00f9 visitato o mai) e di conservarli per un periodo determinato (fino alla loro scadenza, alla chiusura di Firefox o di chiedere ogni volta)<br \/>\n\u2022 Rimuovere i singoli cookie immagazzinati.<\/li>\n<\/ol>\n<p>Per maggiori informazioni visita la <a href=\"https:\/\/support.mozilla.org\/en-US\/kb\/enable-and-disable-cookies-website-preferences\">pagina dedicata<\/a>.<\/p>\n<p><strong>Internet Explorer<\/strong><\/p>\n<ol>\n<li>Eseguire il Browser Internet Explorer<\/li>\n<li>Fare click sul pulsante <strong>Strumenti<\/strong>e scegliere <strong>Opzioni Internet<\/strong><\/li>\n<li>Fare click sulla scheda <strong>Privacy <\/strong>e, nella sezione Impostazioni, modificare il dispositivo di scorrimento in funzione dell\u2019azione desiderata per i cookie:<\/li>\n<\/ol>\n<ul>\n<li>Bloccare tutti i cookie<\/li>\n<li>Consentire tutti i cookie<\/li>\n<li>Selezionare i siti da cui ottenere cookie: spostare il cursore in una posizione intermedia in modo da non bloccare o consentire tutti i cookie, premere quindi su Siti, nella casella Indirizzo Sito Web inserire un sito internet e quindi premere su Blocca o Consenti.<br \/>\nPer maggiori informazioni visita la <a href=\"http:\/\/windows.microsoft.com\/it-it\/windows-vista\/block-or-allow-cookies\">pagina dedicata<\/a>.<\/li>\n<\/ul>\n<p><strong>Safari 6<\/strong><\/p>\n<ol>\n<li>Eseguire il Browser Safari<\/li>\n<li>Fare click su <strong>Safari<\/strong>, selezionare <strong>Preferenze<\/strong>e premere su <strong>Privacy<\/strong><\/li>\n<li>Nella sezione Blocca Cookie specificare come Safari deve accettare i cookie dai siti internet.<\/li>\n<li>Per visionare quali siti hanno immagazzinato i cookie cliccare su <strong>Dettagli<\/strong><\/li>\n<\/ol>\n<p>Per maggiori informazioni visita la pagina <a href=\"https:\/\/support.apple.com\/kb\/ph21411?locale=it_IT\">https:\/\/support.apple.com\/kb\/ph21411?locale=it_IT<\/a>.<\/p>\n<p><strong>Safari iOS (dispositivi mobile)<\/strong><\/p>\n<ol>\n<li>Eseguire il Browser Safari iOS<\/li>\n<li>Tocca su <strong>Impostazioni<\/strong>e poi <strong>Safari<\/strong><\/li>\n<li>Tocca su <strong>Blocca Cookie<\/strong>e scegli tra le varie opzioni: \u201c<strong>Mai<\/strong>\u201d, \u201c<strong>Di terze parti e inserzionisti<\/strong>\u201d o \u201c<strong>Sempre<\/strong>\u201d<\/li>\n<li>Per cancellare tutti i cookie immagazzinati da Safari, tocca su Impostazioni, poi su Safari e infine su <strong>Cancella Cookie e dati<\/strong><\/li>\n<\/ol>\n<p>Per maggiori informazioni visita la <a href=\"https:\/\/support.apple.com\/en-us\/HT201265\">pagina dedicata<\/a>.<\/p>\n<p><strong>Opera<\/strong><\/p>\n<ol>\n<li>Eseguire il Browser Opera<\/li>\n<li>Fare click sul Preferenze poi su Avanzate e infine su Cookie<\/li>\n<li>Selezionare una delle seguenti opzioni:<\/li>\n<li>Accetta tutti i cookie<\/li>\n<li>Accetta i cookie solo dal sito che si visita: i cookie di terze parti e quelli che vengono inviati da un dominio diverso da quello che si sta visitando verranno rifiutati<\/li>\n<li>Non accettare mai i cookie: tutti i cookie non verranno mai salvati.<\/li>\n<\/ol>\n<p>Per maggiori informazioni visita la <a href=\"http:\/\/www.opera.com\/help\/tutorials\/security\/privacy\/\">pagina dedicata<\/a>.<\/p>\n<\/div>\n","protected":false},"excerpt":{"rendered":"<p>Con la presente informativa estesa, ENG Service di Daniele Ciampichetti intende informare Te e tutti gli utenti e\/o visitatori del sito www.venditanoleggiogeneratori.it (rispettivamente gli \u201cUtenti\u201d e il \u201cSito\u201d), in merito all\u2019utilizzo dei log files e dei cookies raccolti tramite il Sito medesimo. 1) Informazioni raccolte automaticamente dal Sito. Come tutti i siti web anche il [&hellip;]<\/p>\n","protected":false},"author":1,"featured_media":0,"parent":0,"menu_order":0,"comment_status":"closed","ping_status":"closed","template":"","meta":{"footnotes":""},"class_list":["post-121","page","type-page","status-publish","hentry","wpbf-post"],"aioseo_notices":[],"_links":{"self":[{"href":"https:\/\/www.venditanoleggiogeneratori.it\/aftersales\/wp-json\/wp\/v2\/pages\/121","targetHints":{"allow":["GET"]}}],"collection":[{"href":"https:\/\/www.venditanoleggiogeneratori.it\/aftersales\/wp-json\/wp\/v2\/pages"}],"about":[{"href":"https:\/\/www.venditanoleggiogeneratori.it\/aftersales\/wp-json\/wp\/v2\/types\/page"}],"author":[{"embeddable":true,"href":"https:\/\/www.venditanoleggiogeneratori.it\/aftersales\/wp-json\/wp\/v2\/users\/1"}],"replies":[{"embeddable":true,"href":"https:\/\/www.venditanoleggiogeneratori.it\/aftersales\/wp-json\/wp\/v2\/comments?post=121"}],"version-history":[{"count":1,"href":"https:\/\/www.venditanoleggiogeneratori.it\/aftersales\/wp-json\/wp\/v2\/pages\/121\/revisions"}],"predecessor-version":[{"id":122,"href":"https:\/\/www.venditanoleggiogeneratori.it\/aftersales\/wp-json\/wp\/v2\/pages\/121\/revisions\/122"}],"wp:attachment":[{"href":"https:\/\/www.venditanoleggiogeneratori.it\/aftersales\/wp-json\/wp\/v2\/media?parent=121"}],"curies":[{"name":"wp","href":"https:\/\/api.w.org\/{rel}","templated":true}]}}